d derivative of y**4/24 - y**3/6 + y**2. What is the units digit of d(a)?
6
What is the tens digit of 6/(40/38 + -1)?
1
Let i(g) = 4*g. Suppose -6 = -2*a - m, -a + 8 = m + 3. Suppose -a - 9 = -5*l. What is the units digit of i(l)?
8
Let m(w) = -w**3 + 12*w**2 + 29*w - 9. What is the hundreds digit of m(13)?
1
Let j = -1 + 2. Let q(s) = 0*s**2 + s**2 - j + 0*s - 3 + 5*s. What is the tens digit of q(-7)?
1
Let s = -21 - -24. Suppose -s*n = -n - 44. What is the tens digit of n?
2
Suppose -10*y = -12*y + 248. What is the tens digit of y?
2
Let v = -4 - -8. Suppose -v*t = s - 69, -3*t - 3*s = 14 - 59. Suppose -4*r = -6*r + t. What is the units digit of r?
9
Suppose -9*p + 50 = -8*p. What is the units digit of p?
0
What is the tens digit of (21/4)/(4/16)?
2
Let y(f) = -f**3 + 11*f**2 - 3*f - 4. What is the units digit of y(10)?
6
Suppose 5*a - 14 = -3*c + 2*c, -c = 3*a - 24. What is the tens digit of c?
3
Suppose 3*w + 158 = 5*x - 106, 4*w = -x + 62. What is the tens digit of x?
5
Let n be ((-16)/(-24))/(2/57). Let b = n - 4. What is the tens digit of b?
1
Suppose y - 6 = 2*b, 0 = b - 6*b - 5*y - 30. Suppose 2*a = 5 - 11, 3*p = -3*a - 159. What is the tens digit of p/b - (-1)/2?
1
Let c be (-78)/(-9) - (-6)/(-9). Let l(x) = 10 + 0*x + 2 - x. What is the units digit of l(c)?
4
Suppose 5*w - 116 = w. What is the units digit of w?
9
Let x be 1 - 9/(-2 + 1). Let m be (0/3)/(-2) + x. Suppose 0 = p - i + 3, m = -p - 4*p + 4*i. What is the units digit of p?
2
Let f = 2 + 0. Suppose -f*p = -8 - 0. Suppose p*b = 2 + 6. What is the units digit of b?
2
Let o be (84/(-20))/((-1)/(-5)). Let r = -12 - o. What is the units digit of r?
9
What is the tens digit of (-216)/63*(1 + -92)?
1
Let z(a) = 33*a**2 + 1. Let o be z(1). Let d = o - 16. Let n = 25 - d. What is the units digit of n?
7
Suppose 4*v - 24 = 3*t, 4*t + 9 = 2*v - 3. Suppose -5*b = -4*g - 4 - v, 34 = 4*b + 2*g. What is the units digit of b?
6
Let w = -56 + 133. What is the tens digit of w?
7
Suppose 0 = p - 21 - 13. What is the tens digit of p?
3
Let y = -29 + 34. What is the units digit of y?
5
Suppose -2*a = -p + 2, -a - 14 = a + 2*p. Let z be -8*(-1 - (0 - 0)). What is the units digit of (z/(-6))/(a/18)?
8
Let o(y) = y - 5. Let b = 25 - 16. Let a be o(b). Suppose -a*p - m = -12, -2*p - 3*m - 2 - 2 = 0. What is the units digit of p?
4
Let f = 166 - 107. Suppose 3*m - f = -4*u, m + 2*u - 27 = -3*u. What is the tens digit of m?
1
Let y(a) = -2*a**3 - 5*a - 5. What is the units digit of y(-2)?
1
Let r = -48 + 95. What is the units digit of r?
7
Suppose 4*c + 4 = -0. Let r(u) = -u**3 - 7*u**2 - 7*u - 4. Let o be r(-6). Let s = c + o. What is the units digit of s?
1
Let a = 51 + -36. What is the tens digit of (-5)/(-3)*(0 + a)?
2
Let r(y) = -2*y**2 + 8*y - 3. Let v be r(3). Suppose v*b = -0*b + 60. What is the tens digit of b?
2
What is the units digit of 30/165 + 854/22?
9
Suppose y + y = 5*m - 84, -4*m + 74 = -5*y. What is the units digit of m?
6
Let l(w) = -w**3 + 5. Let z be l(0). Suppose g = z*g. Suppose -3*u + 5*y = u - 38, -5*u - 3*y + 66 = g. What is the units digit of u?
2
Suppose 7*i - 2*i - 30 = 5*n, -2*n - 14 = -4*i. What is the units digit of i/(-1)*(-13)/1?
3
Let d = 5 - 0. Suppose 0 = -3*a + f + 8, -3*f - 4 - d = -4*a. Suppose -5*r = -2 - a. What is the units digit of r?
1
Suppose 98 = y + 17. What is the units digit of y?
1
Let d(b) be the second derivative of b**4/12 + b**3/6 - 3*b**2/2 - 2*b. Let j be d(-6). Let x = 38 - j. What is the tens digit of x?
1
What is the units digit of (803/22)/(1/2)?
3
Suppose 6*j = 237 + 9. What is the units digit of j?
1
Suppose -k = -28 - 21. What is the units digit of k?
9
Let w = 91 + -63. Let o(p) = -3*p**2 + 3*p - 2. Let y be o(3). Let n = w + y. What is the units digit of n?
8
Let y = -75 + 94. What is the units digit of y?
9
Suppose 62 = -3*b + 518. What is the hundreds digit of b?
1
Let g(f) be the second derivative of -f**3/2 + f**2/2 + f. Suppose 0 = -2*z + 2*l - 6*l - 6, 0 = 4*z - 5*l - 1. What is the units digit of g(z)?
4
Suppose -4*v - 7 + 19 = 0. Let n be 0 - 0 - (-5 - -4). Let x = v + n. What is the units digit of x?
4
Suppose 40 = 3*u - 29. What is the tens digit of u?
2
Let r = 26 + -33. What is the tens digit of (-23)/(-2)*(-14)/r?
2
Let k(y) = -y**2 + 19*y + 14. What is the tens digit of k(11)?
0
Let b = -8 + 8. Suppose -h + b*z = 4*z - 51, h = -z + 48. What is the tens digit of h?
4
Suppose -b = -0*b + 1. Let d = 4 - b. Suppose -3*k = -3*n - 3 + 12, -k - 35 = -d*n. What is the units digit of n?
8
Let n be 2/3*15/2. Suppose 7 + 1 = 4*q - 4*r, 2*r + 13 = n*q. Suppose 4 = q*h - 11. What is the units digit of h?
5
Let z = 21 + 8. What is the units digit of z + 4/(-12)*-3?
0
Let z be (-1)/(-2) + 178/(-4). Let o be z/(-6) - (-1)/(-3). Let j = o + 0. What is the units digit of j?
7
Suppose -2*q = -3*q - 1. Let b = q - -1. Suppose 3*f + 2*g = 21 - b, 4*f = -5*g + 35. What is the units digit of f?
5
What is the units digit of 3/(-2)*-28 - 5?
7
Let l(g) = -2*g + 0 + 5 - 3*g + g**2. Let n be l(4). What is the units digit of (-6)/(15/(-6) + n)?
4
Let j(f) = 0 + 0 + f + 0*f. Let g be j(2). Suppose 12 - 40 = -g*z. What is the units digit of z?
4
Let w(t) = -t**3 - t - 1 - 2*t**2 + 0*t**3 - 2*t**2 + 3. What is the units digit of w(-4)?
6
Let k(p) = -p + 1. Let j(t) = -6*t - 2. Let v(q) = -j(q) + 5*k(q). What is the units digit of v(-6)?
1
Let z(o) = -3*o. What is the units digit of z(-3)?
9
Suppose 0 = -3*i + 8 + 4. Suppose -i*g - 45 = -7*g. What is the units digit of g?
5
Let y = 138 - 91. What is the tens digit of y?
4
Suppose v = -t + 5, -t = 4*v - 2*v - 7. Suppose -3*x + t - 15 = 0. Let w = 12 + x. What is the units digit of w?
8
Let g(o) = 14*o - 18. What is the units digit of g(9)?
8
Let i = 5 - -17. What is the tens digit of i?
2
Let y(o) = 2*o**2 - 7*o - 3. Suppose -3*s + 6*s = 18. What is the tens digit of y(s)?
2
Let i(v) = -12*v**2 - 15*v - 2. Let p(m) = 6*m**2 + 8*m + 1. Let o(x) = -6*i(x) - 11*p(x). What is the units digit of o(-1)?
5
Suppose -u + 14 = 4*k, 17 = 3*k + 6*u - 2*u. Suppose -2*z = -k*z + 20. What is the tens digit of z?
2
Let l = -50 - -86. Suppose 0 = -7*t + 4*t + l. What is the tens digit of t?
1
Let a(l) = 18*l**3 - l**2 + l. Let w be a(1). Suppose -q = -4*q + w. What is the units digit of q?
6
Let b(f) be the second derivative of f**7/2520 - f**6/360 + f**5/40 - f**4/3 + 2*f. Let p(x) be the third derivative of b(x). What is the units digit of p(3)?
6
Let j(b) = b**2 - b. Let w(g) = -2*g**2 + 2*g + 2. Let h(l) = 3*j(l) + w(l). What is the tens digit of h(6)?
3
Let x(i) = -9 + 1 + 2 + i. Let w be x(3). What is the units digit of ((-2)/w)/(4/18)?
3
Let f(u) = -u + 16. Let y be f(12). Let b(m) = 8*m - 1. What is the tens digit of b(y)?
3
Suppose 0 = -0*l + l - 37. What is the tens digit of l?
3
Let t(j) = 0*j - 2*j + 4*j - 6. Let f be t(5). Suppose -4*v + 5*q = -42, v + 1 = f*q + 6. What is the tens digit of v?
1
Suppose 2*x + 24 = -2*x - 4*h, -2*x + 5*h = -23. Let z be 4 + (-4 - x - -3). Let r = z + -3. What is the units digit of r?
1
Suppose -2*c + 4 = -4*c - 4*l, 0 = 5*c + 5*l - 5. Let d(g) = 2*g**2 - 3*g - 4. Let j be d(3). Suppose -j*k = -k - c. What is the units digit of k?
1
Suppose 5*t = z - 1 + 18, -3 = -3*t - 3*z. Suppose -r = 4*j + 3*r - 44, -5*j - t*r = -53. What is the units digit of j?
0
Let g(j) = j**2 + 17*j - 6. Let a be g(-15). What is the units digit of (-572)/(-18) - a/162?
2
Suppose 2*n = 6, -4*c - 6*n + n = -127. What is the tens digit of c?
2
Suppose -3*f + 108 = 24. What is the tens digit of f?
2
Suppose 5*g = -0*g + 215. What is the units digit of g?
3
Let x(q) = 3*q**2 + 3*q + 1. Let u be x(-2). Suppose i - 1 - u = 0. What is the units digit of i?
8
Suppose -p - 109 = -2*i, p - 161 = i - 4*i. What is the units digit of i?
4
Suppose -3*d - j + 343 = 0, 0 = -2*d - 0*d - 4*j + 232. What is the hundreds digit of d?
1
Let c(o) = -o**2 + 5*o - 2. Let a be c(3). Suppose -35 = -5*b + a*d, -5*b - 5*d = -2*d. What is the units digit of b/(-2)*(-4)/6?
1
Let p(g) = 9*g + 0 + 4 + g + g**2 - 2*g**2. What is the units digit of p(10)?
4
Let k be -1 + 61 + (-4 - -3). Suppose -3*g = -2*c - k, -2*g + 5*c = -0*c - 43. What is the units digit of g?
9
Suppose 22 + 24 = 2*n. What is the units digit of n?
3
Let x be 1